e the highest common divisor of 78123676 and 19032.
244
What is the greatest common divisor of 21335461 and 10108?
2527
Calculate the highest common divisor of 55 and 3098909.
11
What is the greatest common divisor of 582104 and 48?
8
Calculate the highest common divisor of 582 and 55967836.
194
What is the highest common divisor of 219539 and 11977899?
3721
What is the highest common divisor of 150 and 890490?
30
What is the greatest common factor of 293805 and 5535?
45
Calculate the greatest common factor of 6802878 and 3190.
58
What is the highest common factor of 30860478 and 1287?
99
Calculate the greatest common divisor of 48873256 and 776.
776
Calculate the highest common divisor of 99358138 and 3652.
1826
What is the highest common divisor of 4130 and 254530?
10
What is the highest common factor of 434822 and 6?
2
What is the highest common divisor of 1456014 and 2856?
42
Calculate the greatest common divisor of 529644 and 2718213.
303
Calculate the greatest common factor of 2413 and 239873917.
2413
What is the greatest common factor of 383483673 and 5913?
1971
Calculate the highest common divisor of 680535 and 7313.
71
Calculate the highest common factor of 242786070 and 23425.
4685
What is the highest common divisor of 4753 and 7020860?
679
Calculate the highest common divisor of 309922 and 42496.
166
Calculate the greatest common factor of 5093 and 135817.
11
Calculate the greatest common factor of 62859 and 97359.
69
Calculate the greatest common factor of 785850 and 21886.
62
Calculate the greatest common divisor of 81005 and 1202070.
85
Calculate the highest common factor of 3339920 and 2822.
166
Calculate the highest common factor of 273662821 and 3451.
493
What is the highest common divisor of 1168 and 3325238768?
1168
Calculate the greatest common factor of 1452672 and 56.
8
What is the highest common divisor of 1078165 and 2455?
5
Calculate the greatest common factor of 30992961 and 1756.
439
What is the highest common factor of 6322409 and 142525?
5701
What is the highest common divisor of 668817 and 191061?
207
Calculate the highest common factor of 1329625 and 2035535.
4835
Calculate the greatest common divisor of 835088 and 91248944.
12464
Calculate the highest common divisor of 5264 and 12004881.
329
What is the highest common factor of 4947 and 36516?
51
Calculate the greatest common factor of 1582460 and 32780.
220
What is the highest common divisor of 345 and 88836465?
345
What is the greatest common divisor of 24008 and 96088?
8
What is the greatest common factor of 1172910 and 30?
30
Calculate the highest common factor of 481 and 350909.
13
What is the highest common factor of 29244 and 40917230?
4874
What is the highest common divisor of 5 and 460330?
5
What is the greatest common divisor of 345804 and 1272?
12
What is the highest common factor of 227809 and 2886?
37
What is the greatest common factor of 15198 and 3876272?
34
What is the greatest common divisor of 50 and 760480?
10
Calculate the greatest common divisor of 750 and 12577125.
375
What is the greatest common divisor of 456407133 and 1015?
203
What is the highest common divisor of 275 and 814285175?
275
What is the highest common divisor of 20556439 and 1983?
661
What is the greatest common factor of 102540 and 480?
60
What is the greatest common factor of 22653 and 348219?
27
Calculate the highest common factor of 22 and 9745538.
22
Calculate the greatest common divisor of 472688688 and 912.
912
What is the highest common factor of 39 and 200707?
13
Calculate the highest common divisor of 76675 and 988300.
25
Calculate the highest common divisor of 1956 and 37041750.
978
Calculate the greatest common divisor of 231 and 115100909.
77
What is the greatest common factor of 12890792 and 590?
118
What is the greatest common factor of 22223098 and 146?
146
What is the greatest common factor of 7000 and 91929600?
1400
Calculate the highest common divisor of 77836 and 53746396.
1276
What is the greatest common divisor of 120 and 600114920?
40
Calculate the greatest common divisor of 119 and 240729809.
17
What is the highest common factor of 8906 and 852914261?
4453
What is the greatest common divisor of 141 and 219052101?
141
Calculate the highest common factor of 3457937 and 23919.
469
Calculate the highest common divisor of 420031 and 2004309.
2819
What is the highest common divisor of 22374642 and 249?
249
Calculate the greatest common factor of 1179669220 and 164.
164
What is the highest common factor of 48419 and 14749?
7
Calculate the highest common factor of 27 and 203498712.
9
Calculate the highest common divisor of 1625 and 16935815.
65
What is the highest common divisor of 26134336 and 6032?
464
What is the highest common divisor of 42435 and 107755?
115
What is the greatest common factor of 60 and 63490005?
15
What is the greatest common factor of 62749516 and 26554?
2414
Calculate the highest common factor of 35975740 and 380.
380
Calculate the highest common divisor of 379652946 and 114.
114
Calculate the highest common divisor of 141775 and 200.
25
What is the greatest common divisor of 170 and 59299655?
85
What is the greatest common factor of 84 and 1377327?
21
What is the highest common factor of 435322020 and 126?
42
What is the greatest common divisor of 714877 and 111?
37
What is the greatest common divisor of 458 and 1459342804?
458
What is the highest common factor of 180 and 602295?
15
Calculate the highest common divisor of 861 and 14964054.
21
What is the highest common factor of 12156424 and 39368?
2072
What is the greatest common divisor of 2924459 and 850?
17
What is the highest common factor of 3432 and 8430024?
24
What is the greatest common factor of 365346168 and 264?
264
What is the highest common factor of 9706103 and 10956?
913
What is the highest common factor of 112 and 513320612?
28
What is the greatest common factor of 1115996220 and 2220?
2220
Calculate the greatest common factor of 1378897 and 201188.
949
What is the highest common divisor of 38048 and 6803168?
928
What is the greatest common factor of 1744 and 1115272304?
1744
Calculate the greatest common factor of 19920 and 203737776.
3984
What is the highest common factor of 138386838 and 42?
6
Calculate the highest common factor of 127059 and 7093.
41
Calculate the highest common factor of 13517 and 57911.
7
What is the greatest common divisor of 33964 and 3495866?
2426
Calculate the greatest common factor of 23958 and 2047562.
242
Calculate the highest common divisor of 32618183 and 169.
169
Calculate the greatest common divisor of 668032 and 3456.
128
What is the greatest common divisor of 249450 and 532375?
25
What is the greatest common divisor of 3883 and 7885667?
353
What is the greatest common divisor of 51932910 and 30?
30
Calculate the greatest common divisor of 18641 and 33694939.
2663
What is the greatest common divisor of 22753 and 23872?
373
What is the greatest common factor of 4039692 and 24384?
12
What is the highest common factor of 28373 and 390303?
17
Calculate the greatest common divisor of 11743592 and 6608.
56
What is the highest common factor of 62303452 and 1328?
332
What is the greatest common divisor of 20146807 and 279?
31
Calculate the greatest common factor of 21800 and 530729720.
4360
What is the greatest common divisor of 7884 and 59186940?
876
What is the greatest common divisor of 841 and 12018731?
841
What is the greatest common divisor of 84072 and 197904?
744
Calculate the highest common factor of 12 and 1631092308.
12
Calculate the highest common divisor of 3638496 and 127257.
753
What is the greatest common factor of 39275959 and 661?
661
What is the greatest common factor of 2022 and 34353106?
674
What is the greatest common factor of 102 and 89796482?
34
Calculate the highest common divisor of 1263 and 33906077.
421
Calculate the highest common factor of 1789746 and 20769.
903
Calculate the highest common factor of 1148 and 1456875140.
1148
What is the greatest common divisor of 65579150 and 98?
98
What is the highest common factor of 13504612 and 51304?
2332
What is the greatest common factor of 580 and 301540?
20
What is the highest common divisor of 1522323 and 1221?
33
Calculate the greatest common factor of 656 and 